atest common factor of t and 737?
67
Let i be (-15)/3 - -70 - 5/1. What is the highest common factor of i and 960?
60
Let n = 55 + -55. Suppose n = 2*b + 3*r - 44, -4*b + 42 = -3*r - 10. Let h(s) = -6*s + 4. Let z be h(-6). What is the highest common divisor of z and b?
8
Suppose 2 = -0*f + 2*f - 4*z, 5*f + 17 = -z. Let y be (-3 - (10 + f))*-1. What is the highest common factor of y and 110?
10
Let y be (759/6)/(14/28). Calculate the highest common factor of 23 and y.
23
Let j be (-6)/((-15)/(-200)*-1). Let u be (-20)/3*3/(-2). What is the highest common factor of j and u?
10
Let f(x) = 6*x - 22. Let q be f(13). Let o = 3 + 11. Calculate the greatest common divisor of q and o.
14
Let y = 220 + -157. Let z(t) = -8*t - 9. Suppose -4*p - 23 = -5*m, -6*p + 3*p - m = 3. Let s be z(p). Calculate the greatest common factor of s and y.
7
Let z be (-3 - -1)/((-4)/8). Let q(v) = 22*v - 63. Let w be q(z). Calculate the highest common factor of 100 and w.
25
Let j = 656 + -591. What is the greatest common factor of 1625 and j?
65
Suppose 4*p - q = 117, 2*q + 4 - 10 = 0. Let k be 4/5 + 122*3/p. What is the greatest common factor of k and 143?
13
Let c(a) = a + 72. Let y be c(-7). Calculate the greatest common factor of y and 26.
13
Let h be (-1010)/(-7) + (-2)/7. Suppose l = -0*l + 8. Let g(n) = n + 8. Let s be g(l). Calculate the highest common factor of h and s.
16
Let f(d) = d**2 + 45*d - 239. Let b be f(5). Suppose 2*l + 14 = j, 22 = 2*j + 3*l - 34. Calculate the greatest common factor of b and j.
11
Suppose -g + 53 = 148. Let z = 15 - g. Let i be 2 + -42*(-3 - -2). What is the greatest common factor of i and z?
22
Let i be -2 - -1 - (-1092)/21. What is the greatest common divisor of i and 357?
51
Suppose b - 5 = -7. Let c = b + 28. What is the greatest common divisor of 65 and c?
13
Suppose 0 = 11*p - 8*p + 21. Let x be ((-78)/2)/(p/42). Calculate the highest common divisor of 26 and x.
26
Let w = 5197 + -1221. What is the highest common factor of 56 and w?
56
Let k = 417 + -240. What is the highest common factor of 3 and k?
3
Suppose 0 = 2*u - 5*h - 1728, 5*h - 3396 = -11*u + 7*u. Calculate the highest common divisor of 42 and u.
14
Suppose 3*f = -4*k - 213, -f = 3*k + 87 + 79. Let l = k + 84. What is the highest common divisor of 36 and l?
9
Let i = 483 + -462. What is the greatest common factor of 189 and i?
21
Suppose 147 = 8*v - 45. Calculate the greatest common divisor of v and 30.
6
Let x = -1090 - -2171. What is the highest common divisor of x and 47?
47
Suppose 27 = -5*w - 373. Let z be 4/(w/(-39) + -2). What is the highest common factor of z and 26?
26
Suppose -3*o + 370 = -314. Calculate the greatest common divisor of 342 and o.
114
Let n(g) = -13*g. Let u be n(-4). What is the highest common divisor of u and 4?
4
Suppose -42 = 3*y + 5*c, 0 = c - 2 + 5. Let j be (-300)/y - (-4)/6. Calculate the highest common factor of j and 306.
34
Let b = 209 - 195. Calculate the highest common divisor of b and 56.
14
Let v be (-4)/(-18) + 260/(-36). Let o be 3*v*1/(-3). Suppose -p = j - 1, 3*j + 67 = -4*p + 77. Calculate the greatest common factor of p and o.
7
Suppose -5*x - 47 = -b, 4*b + 6*x - x = 63. Calculate the highest common factor of b and 56.
2
Let p(c) = -9*c**3 + 2*c**2 + 2*c + 1. Let y be p(-1). Let r = y - -9. Let m be 4252/28 - 2/(-14). Calculate the highest common factor of m and r.
19
Let f be -2*(-1)/((-2)/(-5)). Let p = f - -6. Let l(z) = 7*z**2 + 20*z + 46. Let u be l(-5). What is the highest common divisor of u and p?
11
Suppose -3*w - l + 87 = 0, 2*w + 2*l + 2*l = 58. Calculate the highest common divisor of 1247 and w.
29
Suppose -2*y = -7*y + 10. Suppose -c - c + 68 = p, -y*p = -8. Suppose 0 = 4*z - 2*z - c. Calculate the greatest common divisor of 2 and z.
2
Suppose 256*a - 235*a - 693 = 0. Suppose -4*l - 4*b = b + 3, -5*l + 4*b + 27 = 0. Calculate the greatest common factor of a and l.
3
Let k(s) = -s**2 - 12*s + 3. Let x be k(-12). Let g be (-2)/3 - 147/9. Let w = -8 - g. Calculate the highest common divisor of x and w.
3
Suppose -x - 2*x = -5*x. Suppose 3*p = 12, -2*s + 3*p - 3 + 1 = x. What is the greatest common divisor of 25 and s?
5
Let a(o) = 18 - 26*o**3 + 16*o**3 - 20*o + 11*o**3 - 11*o**2. Let x be a(13). What is the highest common divisor of 12 and x?
12
Let j(f) = -f**2 + 5. Let w be j(5). Let p = -2 - w. Calculate the greatest common factor of p and 2.
2
Let n(q) = q**2 - 13*q + 27. Let a be n(11). What is the greatest common divisor of 1 and a?
1
Let l be (1 - -2 - -7) + 0. Let b be (12/5)/(l/25). Suppose -30 = -3*r + b. Calculate the highest common divisor of r and 132.
12
Let i be 6/(-14) + (-3498)/(-77). Let c = -37 + i. What is the highest common divisor of 1 and c?
1
Let j be (-4)/3*39/26. Let i be 1/(-4) + j*543/(-24). What is the greatest common divisor of i and 10?
5
Suppose -2 - 7 = -3*l. Suppose -8*q + 185 = -l*q. Let b = q + -24. What is the highest common factor of 26 and b?
13
Let v be 1*(-84)/(-4) + (-2 - -1). Suppose -4*q = v - 128. Calculate the greatest common divisor of 63 and q.
9
Suppose 3*r + 23 = k + 5, 10 = 5*r. Let x = -19 + k. Suppose -n + 384 = x*n. What is the highest common factor of n and 8?
8
Let y = 67 - 51. Let t(u) = -u + 38. Let l be t(y). Calculate the greatest common factor of l and 2.
2
Let v be (12/(-21))/((-5)/35). Suppose -v*m + 6 = -10. What is the highest common factor of m and 1?
1
Let l(j) = -2*j**3 + 2*j**2 - 3*j. Let m be l(2). Let f = -16 - m. Let n be 234/30 + f/(-10). What is the greatest common factor of 32 and n?
8
Let q be ((-200)/15)/(2/(-15)). Suppose 0 = 5*x, 27 = o - 2*x + 7. Calculate the greatest common divisor of q and o.
20
Let x(k) = k**2 + 160. Let f be x(0). Let j = 33 + -13. What is the greatest common divisor of f and j?
20
Let x(s) = 3*s**2 + 4. Let p be x(4). Let h(f) = -266*f + 331. Let m be h(1). What is the greatest common divisor of p and m?
13
Let u = 200 + -32. Suppose -u = -0*j - 3*j. Calculate the highest common divisor of 28 and j.
28
Let j(d) = -d + 6. Let x be j(0). Let p(h) = 2*h**2 - 4*h - 4. Let g be p(x). What is the greatest common factor of g and 396?
44
Suppose 2*p = -5*x + 60, p - 14 - 16 = 5*x. Let z = p - 20. What is the highest common factor of z and 20?
10
Let c(n) = -n**2 - 22*n - 83. Let g be c(-17). Calculate the greatest common factor of 8 and g.
2
Let t be ((-98)/7 - -9)*-64. What is the greatest common divisor of 8 and t?
8
Let m(q) = 7*q + 1. Let n be m(4). Let u(i) = i**3 - 6*i**2 - 11*i + 9. Let d be u(8). Let j = d - n. What is the greatest common divisor of j and 10?
10
Let x(z) = 7*z**2 + 3*z - 3. Let j(h) = -h**2 + 1. Let r(p) = 6*j(p) + x(p). Let g = 185 - 187. Let s be r(g). What is the greatest common divisor of s and 11?
1
Suppose -v - 2088 = -10*v. Let y = -106 + v. Calculate the highest common factor of 14 and y.
14
Suppose -11*t - 630 = -29*t. Suppose -5*y = d + d - 1219, 2*y - 496 = 2*d. Calculate the highest common factor of y and t.
35
Let o = -10 + 26. Suppose -327 = -4*x + 7*x. Let z = x - -253. Calculate the highest common divisor of o and z.
16
Let u = -109 - -181. Let h(x) = -91*x - 9. Let j be h(-3). Suppose -u = 2*f - j. Calculate the highest common divisor of 12 and f.
12
Let c = 21 - 19. Suppose -5*y + c*o = 4*o - 896, 0 = 2*y - 3*o - 366. Let b = y + -90. What is the highest common factor of 10 and b?
10
Let j be (10 - 1)/((-20)/(-4) + -6). Let w be (-30)/j - (-7)/(-21). Calculate the highest common factor of 27 and w.
3
Let v(x) = -3*x**2 + 2*x - 9. Let s(b) = -b**2 + b. Let f(i) = 2*s(i) - v(i). Let n be f(-3). Calculate the greatest common divisor of 9 and n.
9
Let y(s) = -s**3 + 16*s**2 + 16*s + 22. Let r be y(17). Suppose -2*f - 3*g = -3*f + 3, -f = r*g - 3. What is the highest common divisor of 24 and f?
3
Let g = -2 + 5. Let y be 3/(-9)*-70*g. Suppose 3*h = -2*h + y. What is the greatest common factor of 21 and h?
7
Suppose -l - 8 = 3*l. Let x be (-1 - -2) + (l - -111). Let m = 0 + 10. What is the greatest common divisor of m and x?
10
Let z be (280*2/(-6))/((-2212)/(-84) - 27). Suppose 2*w - 149 + 37 = 0. Calculate the highest common divisor of z and w.
28
Let d(q) = -q**2 - 11*q - 23. Let n be d(-7). Suppose 2*y = -v + 343, n*y + 2*v = v + 856. Calculate the greatest common divisor